ose 3*i = 2*y + 47, -2*i - 4*y = 2*i - 56. Let m = i - g. List the prime factors of m.
7
Let c = -24 - -24. Suppose -7*u + 12*u - 140 = c. List the prime factors of u.
2, 7
List the prime factors of (-3058)/(-77) + 2/7.
2, 5
Let r(f) = 2*f + 5. What are the prime factors of r(4)?
13
Let j(b) be the third derivative of b**4/6 + 11*b**3/6 + 3*b**2. What are the prime factors of j(8)?
43
Let i(k) = k**2 - 9*k - 10. Let x be i(10). Suppose 0 = -4*n - a + 21, x*n - 2*a = -2*n + 8. Let c = -1 + n. What are the prime factors of c?
2
Suppose -3*n = 4*j - 14, 3*j - 4 = -2*n + 6. Suppose 9 = y + n*y. Suppose 4*i + 4*m = -y + 35, 0 = 4*m. List the prime factors of i.
2
Suppose -3*g + 32 + 49 = 0. What are the prime factors of g?
3
Let w be (-1 + 4 - 3) + 4. Suppose w*q = -9 + 149. List the prime factors of q.
5, 7
Let a be (1/(-1))/((-4)/12). Suppose -j - 4*v - a = 0, 3*j + j + 3*v = 1. List the prime factors of (14 + j)*2/3.
2, 5
Suppose -3*c - 4 = -3*h + 4*h, -3*h - 12 = 5*c. Suppose 0 = -c*g - g - 2*i + 20, 0 = 2*i + 8. What are the prime factors of g?
2, 7
Suppose 5*v - 44 = v. Let s = 27 - v. What are the prime factors of s?
2
List the prime factors of (10/(-3))/((-12)/90).
5
Let l = -21 - -35. Let x be 1*(-1)/((-2)/l). Suppose 5*h = r, -4*r + 30 = 3*h + x. List the prime factors of r.
5
Let z be 2/(-3) + 11/3. Suppose 2*m - z*m = -6. List the prime factors of m.
2, 3
Suppose -v + 100 = 3*l, -2*l + 44 = 3*v - 25. List the prime factors of l.
3, 11
Let b(h) = h**3 - 4*h + 2. What are the prime factors of b(4)?
2, 5
Let o = 12 - -20. Let z = -21 + o. What are the prime factors of z?
11
Let i(s) = -s**2 + 8*s + 3. Let j be i(8). Let t(z) = -z**2 + z + 2. Let x be t(j). Let a = x + 7. List the prime factors of a.
3
Let x(g) = g**2 + 7*g - 14. What are the prime factors of x(-12)?
2, 23
Let p be -2 - 5/(-2)*-4. Let x be 0 - 24*p/(-9). Let k = x - -46. List the prime factors of k.
2, 7
Suppose -874 = -5*b - 2*m, -m - 206 = 3*b - 731. List the prime factors of b.
2, 11
Let g be 2/3 + (-20)/(-6). Suppose -m = -3*m - 4*r + 20, 0 = -5*m + 3*r - 15. Suppose m = f + 5*d, -2*f + 9*d - g*d = -45. List the prime factors of f.
3, 5
Let p(u) = -u**2 - 3*u + 4. Let h be p(-4). Suppose -4*f + 8 = -h. What are the prime factors of f?
2
Suppose -4*m + 229 = 4*v - m, 0 = 4*v + m - 223. List the prime factors of v.
5, 11
Let c = -6 + 6. Suppose c = -2*q + 4*q. Let u = q - -2. List the prime factors of u.
2
Let i(k) be the third derivative of k**4/4 - 7*k**3/2 - 8*k**2. List the prime factors of i(11).
3, 5
Let g(u) = -u**3 + u**2 + u + 4. Let y be g(0). Suppose -64 + 12 = -y*n. List the prime factors of n.
13
Let f = -44 + 4. Let y = 28 + f. What are the prime factors of (3/(-6))/(2/y)?
3
Suppose 2*l + a - 153 = 0, -2*l - 2*a + 177 - 21 = 0. List the prime factors of l.
3, 5
Let j = -82 + 144. Suppose 4*n - 6 = -v, 3*v + 2*v = -4*n + j. List the prime factors of v.
2, 7
Suppose i = -4*c + 127, -38 + 103 = 2*c - i. Let y = c - 14. What are the prime factors of y?
2, 3
Let d(z) = 4*z + 2. Let w be (9/5)/((-12)/(-40)). What are the prime factors of d(w)?
2, 13
What are the prime factors of ((-96)/(-15))/(2/35)?
2, 7
Let i(q) = 58*q + 16. What are the prime factors of i(3)?
2, 5, 19
Let s(h) = 2*h**2 - 3*h + 3. Let j be 4 + 3*(-2)/3. List the prime factors of s(j).
5
Let z = -80 + 138. Suppose 5*f = 4*g + z, -5*f = -0*f + 3*g - 79. List the prime factors of f.
2, 7
Suppose 0 = -4*o + 20, 0 = 3*n - o - 108 - 58. Suppose -n + 22 = -5*b. Suppose b*a = 3*a + 12. What are the prime factors of a?
3
Let u(s) = -1 - 6 + s + 2*s + 4 + s**3 + 7*s**2. List the prime factors of u(-6).
3, 5
Let y(t) = -2*t**2 + 3*t - 3. Let p be y(2). Let f be (-1 - -5)*p/(-1). Suppose -5*r = -30 - f. What are the prime factors of r?
2, 5
Suppose -8*v = -658 - 814. What are the prime factors of v?
2, 23
Let w = -138 + 286. List the prime factors of w.
2, 37
Suppose 3*j - 9 = -0. Suppose 4 = j*y - 2*l, 0*l = 4*l - 4. List the prime factors of 6/((3/y)/1).
2
Let t be (3*-5)/(-3) + -2. Suppose -2*j = 2*j - i - 3, i = -t*j - 3. List the prime factors of 1 - 2 - (j + -21).
2, 5
Suppose 2*b - 2*r = 14, 2*b - 31 = -b + 5*r. Suppose l = 3*o - 94, -5*o = -0*l + b*l - 142. Suppose 4*s = s + o. List the prime factors of s.
2, 5
Suppose q = -6*q + 63. What are the prime factors of q?
3
Let a(r) = r**3 + 4*r**2 - 5*r + 3. Let f be a(-5). List the prime factors of 2/(-6) + 25/f.
2
Suppose 1 - 3 = -s. Suppose -4*r + 2*x - 34 = 0, x = 5*r + 2*x + 25. What are the prime factors of r + 5 + (s - -1)?
2
List the prime factors of 0 - -45 - 4/1.
41
Suppose 2*h - 128 = m, -5*h + 294 = -2*m + 6*m. List the prime factors of h.
2, 31
Let i be ((-2)/(-1))/((-1)/(-2)). Let c(d) = -d**2 + 6*d - 6. Let r be c(i). Suppose -3*o - 10 = -r*n, -o - 4 = 2*n + 3*o. What are the prime factors of n?
2
Let h(q) = -q**3 - 6*q**2 - 7*q - 6. Let m be h(-5). Let g(v) = -3*v + 6. Let y be g(m). Let b = 14 + y. What are the prime factors of b?
2
Let m = 49 - 0. List the prime factors of m.
7
Let z = -333 + 526. What are the prime factors of z?
193
Let x = 12 - 17. List the prime factors of 18 + (x - -2) - -1.
2
Let c(z) = 2*z + 1. Let i be (4 - -1)*(-3)/(-3). What are the prime factors of c(i)?
11
Suppose -6*n - 5*c = -8*n + 717, -2*n - 2*c + 738 = 0. List the prime factors of n.
2, 3, 61
Let u(d) = -d - 5. Let f be u(-12). Suppose 3*l = f*l - 8. Suppose -l*h - 22 = -60. What are the prime factors of h?
19
Suppose -2*f + 3 + 22 = -m, 0 = -f - 3*m - 5. What are the prime factors of f?
2, 5
Suppose -w = -3*w - 12. Let q = 26 + w. List the prime factors of q.
2, 5
Suppose f - 26 = -2. List the prime factors of (f/16)/((-3)/(-28)).
2, 7
Let z = -3 - -5. Suppose z*s = -3*s. Let x = 3 + s. List the prime factors of x.
3
Let i(j) = -j**2 - 10*j - 6. Let d be i(-10). List the prime factors of 2/d + (-76)/(-12).
2, 3
Suppose -4*p + 9 - 1 = 0. Suppose -6*c = -p*c + 3*i - 128, -2*c - 3*i + 64 = 0. List the prime factors of c.
2
Let x(r) be the third derivative of 0*r + r**2 + 1/24*r**4 - 7/6*r**3 + 0. List the prime factors of x(10).
3
Let c = -10 + 11. Let s = -2 - c. Let k(t) = -t**2 - 3*t + 2. What are the prime factors of k(s)?
2
Let g(t) = 2*t + 5. Let w be g(-4). Let n = w - -3. Let x(k) = -k**2 + k + 7. List the prime factors of x(n).
7
Suppose 0*u = -u + 2. Suppose 2*y = -5*m - 2*y + 62, -2*y + 26 = u*m. What are the prime factors of m?
2, 5
Let y = 110 + -82. List the prime factors of y.
2, 7
Suppose 24*u - 404 = 22*u. What are the prime factors of u?
2, 101
Let i(r) = 7*r - 17. Let t(d) = 4*d - 8. Let s(g) = -3*i(g) + 5*t(g). What are the prime factors of s(6)?
5
Suppose 8*u = 6*u + 78. What are the prime factors of u?
3, 13
Suppose 5*m - 3*h = -3 - 3, 0 = -m - h - 6. Let n = 1 - m. Suppose -n*j + 9 = -23. List the prime factors of j.
2
Let m(j) = 2*j**2 - j. List the prime factors of m(3).
3, 5
Suppose -5*g - 2*d + d = -561, 4*g - 450 = -2*d. Suppose -n + 37 = -2*t + 4*t, g = 5*t - 4*n. List the prime factors of t.
2, 5
Let p(i) = -i**3 - 24*i**2 + 68*i + 35. What are the prime factors of p(-27)?
2, 193
Suppose 2*i + 1 = -3*o - 0, 0 = 2*i + 4. Let a = o + 8. What are the prime factors of a?
3
Let t = -6 + 11. Suppose -59 - 105 = -4*y - 2*p, t*y = 2*p + 205. What are the prime factors of y?
41
Let w = 92 + -59. List the prime factors of w.
3, 11
Let d = -61 + 108. Suppose 4*g = 2*t - 16 - 10, 4*g + d = 5*t. What are the prime factors of t?
7
Suppose 4*p - x - 50 = -3*x, -3*x = -4*p + 65. Suppose 5*l - y = -15, -9 = 2*l - 2*y + 5. Let h = l + p. What are the prime factors of h?
2, 3
Let h = -50 + 100. Let k = -22 + h. What are the prime factors of k?
2, 7
Let n(l) = l**2 - 6*l + 3. Let p be n(6). Let y = 2 + -4. List the prime factors of 1*p + y + 14.
3, 5
Suppose j = 5*j - 8. Suppose -j*w - 2*w = -160. List the prime factors of w.
2, 5
Let d(t) = -t + 10. Let k be d(8). Let p be (-4)/(k/4*2). Let x = p + 12. What are the prime factors of x?
2
Suppose 3*g = -2*g + 1090. What are the prime factors of g?
2, 109
Suppose 0 = -3*n + 2*n. Suppose -3 = -3*u - n*u. List the prime factors of (-130)/(-25) - u/5.
5
Suppose -322 = 4*n - 6*n. List the prime factors of n.
7, 23
Suppose v + 18 = -3*j, 3*v + 7 = -2. Let w be 4 + j + 1*5. Suppose 4 = 4*o + 8*t - 4